{"id":2,"date":"2023-11-01T15:07:01","date_gmt":"2023-11-01T15:07:01","guid":{"rendered":"http:\/\/celine-rodrigues-sophrologue.fr\/?page_id=2"},"modified":"2024-05-29T10:10:21","modified_gmt":"2024-05-29T08:10:21","slug":"sample-page","status":"publish","type":"page","link":"https:\/\/celine-rodrigues-sophrologue.fr\/?page_id=2","title":{"rendered":"Pourquoi consulter ?"},"content":{"rendered":"\n<p class=\"has-medium-font-size\"><strong>D\u00e9couvrez une Nouvelle Dimension de Bien-\u00catre avec la Sophrologie<\/strong><\/p>\n\n\n\n<p>La vie moderne nous confronte \u00e0 un tourbillon incessant de d\u00e9fis, de stress et de pressions, souvent entra\u00eenant un d\u00e9s\u00e9quilibre entre notre corps et notre esprit. C&rsquo;est dans ces moments que la sophrologie se r\u00e9v\u00e8le \u00eatre une ressource inestimable, offrant un refuge tranquille au c\u0153ur de la tumulte quotidienne.<br>Vous trouverez une liste non exhaustive des champs d&rsquo;application de la sophrologie.<\/p>\n\n\n\n<p class=\"has-background\" style=\"background-color:#d19494\"><strong>Addictions<\/strong> (gestion)<br>Pour ceux qui cherchent \u00e0 surmonter des d\u00e9pendances, la sophrologie peut \u00eatre int\u00e9gr\u00e9e \u00e0 un programme de soutien global, aidant \u00e0 g\u00e9rer les aspects \u00e9motionnels et mentaux de la r\u00e9cup\u00e9ration.<\/p>\n\n\n\n<p class=\"has-black-color has-pale-cyan-blue-background-color has-text-color has-background has-link-color wp-elements-546f2b1faa5bede7c77699d29b7ec10c\"><strong>Anxi\u00e9t\u00e9 et Stress<\/strong><br>Vivre dans un \u00e9tat constant de stress peut affecter profond\u00e9ment notre sant\u00e9 physique et mentale.<br>En travaillant ensemble, vous pouvez apprendre \u00e0 faire face au stress de mani\u00e8re constructive, \u00e0 cultiver la r\u00e9silience et \u00e0 retrouver un sentiment de calme int\u00e9rieur.<\/p>\n\n\n\n<p class=\"has-background\" style=\"background-color:#62d7ac\"><strong>Burn-out : \u00c9quilibre \u00c9motionnel en milieu professionnel<\/strong><br>Pour faire face aux pressions professionnelles, \u00e0 la charge de travail \u00e9lev\u00e9e et aux d\u00e9fis li\u00e9s \u00e0 l&rsquo;environnement de travail, la sophrologie peut \u00eatre un moyen efficace de maintenir un \u00e9quilibre \u00e9motionnel.<\/p>\n\n\n\n<p class=\"has-background\" style=\"background-color:#ebf26d\"><strong>Concentration<\/strong> (am\u00e9lioration)<br>Pour \u00e9tudiants, professionnels ou toute personne cherchant \u00e0 am\u00e9liorer sa concentration, la sophrologie peut fournir des exercices pour stimuler la vigilance mentale et la clart\u00e9.<\/p>\n\n\n\n<p class=\"has-light-green-cyan-background-color has-background\"><strong>Confiance en Soi<\/strong> (renforcement)<br>La sophrologie offre un terrain fertile pour explorer et renforcer votre confiance int\u00e9rieure. En d\u00e9veloppant une conscience positive de vous-m\u00eame, vous pouvez lib\u00e9rer votre potentiel, surmonter les doutes et les peurs, et cultiver une vision plus claire de vos objectifs et de votre identit\u00e9.<\/p>\n\n\n\n<p class=\"has-cyan-bluish-gray-background-color has-background\"><strong>D\u00e9veloppement de la Communication<\/strong><br>En travaillant sur la conscience de soi et des autres, la sophrologie peut contribuer au d\u00e9veloppement de comp\u00e9tences en communication, favorisant des relations interpersonnelles plus harmonieuses.<\/p>\n\n\n\n<p class=\"has-vivid-purple-background-color has-background\"><strong>D\u00e9veloppement de la Cr\u00e9ativit\u00e9<\/strong><br>Si vous cherchez \u00e0 stimuler votre cr\u00e9ativit\u00e9, la sophrologie peut aider \u00e0 lib\u00e9rer les blocages mentaux et \u00e0 favoriser un \u00e9tat d&rsquo;esprit propice \u00e0 l&rsquo;expression cr\u00e9ative.<\/p>\n\n\n\n<p class=\"has-background\" style=\"background-color:#ea9393\"><strong>Douleurs Chroniques<\/strong> (gestion)<br>Si vous faites face \u00e0 des douleurs chroniques, la sophrologie peut vous aider \u00e0 d\u00e9tendre votre corps et \u00e0 changer votre perception de la douleur, vous offrant ainsi un soulagement durable.<\/p>\n\n\n\n<p class=\"has-cyan-bluish-gray-background-color has-background\"><strong>\u00c9panouissement Personnel et Pleine Conscience<\/strong><br>La sophrologie n&rsquo;est pas seulement une r\u00e9ponse aux d\u00e9fis, c&rsquo;est aussi une porte ouverte \u00e0 l&rsquo;\u00e9panouissement personnel. En explorant la pleine conscience et la conscience de soi, vous pouvez vivre pleinement chaque moment, connecter avec votre \u00eatre int\u00e9rieur et cr\u00e9er une vie riche de sens.<\/p>\n\n\n\n<p class=\"has-background\" style=\"background-color:#7cc237\"><strong>Fin de Vie<\/strong> (accompagnement)<br>Pour ceux faisant face \u00e0 des d\u00e9fis de sant\u00e9 importants ou en fin de vie, la sophrologie peut apporter un soutien \u00e9motionnel et spirituel, aidant \u00e0 trouver la paix int\u00e9rieure.<\/p>\n\n\n\n<p class=\"has-luminous-vivid-amber-background-color has-background\"><strong>Maternit\u00e9 \/ P\u00e9rinatalit\u00e9<\/strong> (accompagnement)<br>La sophrologie est une alli\u00e9e pr\u00e9cieuse dans l&rsquo;accompagnement de la maternit\u00e9. Que vous soyez enceinte, sur le point d&rsquo;accoucher ou que vous veniez d&rsquo;accueillir un nouveau-n\u00e9, la sophrologie offre un soutien pour g\u00e9rer les changements physiques et \u00e9motionnels associ\u00e9s \u00e0 la maternit\u00e9.<\/p>\n\n\n\n<p class=\"has-background\" style=\"background-color:#dede94\"><strong>Performances<\/strong> (am\u00e9lioration)<br>Que ce soit dans le domaine professionnel, sportif ou artistique, la sophrologie peut \u00eatre un outil puissant pour am\u00e9liorer la concentration, la cr\u00e9ativit\u00e9 et les performances globales.<\/p>\n\n\n\n<p class=\"has-background\" style=\"background-color:#f64141\"><strong>P\u00e9riodes de Transition<\/strong><br>Que vous traversiez un divorce, un changement de carri\u00e8re ou une autre p\u00e9riode de transition, la sophrologie offre un espace pour explorer vos \u00e9motions et faciliter l&rsquo;adaptation.<\/p>\n\n\n\n<p class=\"has-background\" style=\"background-color:#ae8ecc\"><strong>Phobies<\/strong> (gestion)<br>Si vous faites face \u00e0 des phobies, qu&rsquo;elles soient li\u00e9es \u00e0 des situations sp\u00e9cifiques ou \u00e0 des peurs irrationnelles, la sophrologie peut vous aider \u00e0 d\u00e9velopper des m\u00e9canismes pour les surmonter.<\/p>\n\n\n\n<p class=\"has-background\" style=\"background-color:#d38bd5\"><strong>Pr\u00e9paration aux \u00c9v\u00e9nements Importants<\/strong><br>Avant un entretien d&#8217;embauche, un examen, une intervention m\u00e9dicale, la retraite ou tout autre \u00e9v\u00e9nement important, le sophrologue peut vous accompagner pour renforcer votre confiance et g\u00e9rer le stress associ\u00e9.<\/p>\n\n\n\n<p class=\"has-pale-pink-background-color has-background\"><strong>Sommeil<\/strong> <strong>\/ Insomnie<\/strong> (am\u00e9lioration)<br>Le sommeil est la cl\u00e9 d&rsquo;une vie \u00e9quilibr\u00e9e, mais il peut \u00eatre perturb\u00e9 par des pens\u00e9es incessantes et des tensions accumul\u00e9es.<br>Le sophrologue peut vous enseigner des exercices sp\u00e9cifiques pour d\u00e9tendre le corps et apaiser l&rsquo;esprit, favorisant ainsi un sommeil r\u00e9parateur et revitalisant.<\/p>\n\n\n\n<p class=\"has-background\" style=\"background-color:#7b67fa\"><strong>Troubles Digestifs<\/strong> (r\u00e9duction)<br>Certains troubles digestifs sont li\u00e9s au stress. La sophrologie peut aider \u00e0 rel\u00e2cher les tensions dans le corps et favoriser un fonctionnement digestif plus \u00e9quilibr\u00e9.<\/p>\n\n\n\n<p>Un sophrologue est l\u00e0 pour vous guider dans un voyage de d\u00e9couverte personnelle, vous offrant des outils pratiques pour naviguer dans la complexit\u00e9 de la vie quotidienne. Venez d\u00e9couvrir la sophrologie et ouvrez la porte \u00e0 une vie plus \u00e9quilibr\u00e9e, \u00e9panouissante et r\u00e9siliente.<\/p>\n\n\n\n<p>Chaque personne est unique, et la sophrologie peut \u00eatre adapt\u00e9e \u00e0 une vari\u00e9t\u00e9 de besoins individuels. Un sophrologue peut collaborer avec vous pour cr\u00e9er un programme personnalis\u00e9 qui r\u00e9pond \u00e0 vos objectifs sp\u00e9cifiques et vous guide vers une vie plus \u00e9panouissante.<\/p>\n\n\n\n<p>En engageant un dialogue ouvert avec un sophrologue, vous pouvez personnaliser votre parcours pour r\u00e9pondre sp\u00e9cifiquement \u00e0 vos besoins et objectifs personnels. La sophrologie offre une palette vari\u00e9e d&rsquo;approches pour accompagner chacun sur son chemin vers le bien-\u00eatre.<\/p>\n","protected":false},"excerpt":{"rendered":"<p>D\u00e9couvrez une Nouvelle Dimension de Bien-\u00catre avec la Sophrologie La vie moderne nous confronte \u00e0 un tourbillon incessant de d\u00e9fis, de stress et de pressions, souvent entra\u00eenant un d\u00e9s\u00e9quilibre entre notre corps et notre esprit. C&rsquo;est dans ces moments que la sophrologie se r\u00e9v\u00e8le \u00eatre une ressource inestimable, offrant un refuge tranquille au c\u0153ur de [&hellip;]<\/p>\n","protected":false},"author":1,"featured_media":0,"parent":0,"menu_order":0,"comment_status":"closed","ping_status":"closed","template":"","meta":{"iawp_total_views":12,"footnotes":""},"class_list":["post-2","page","type-page","status-publish","hentry"],"aioseo_notices":[],"_links":{"self":[{"href":"https:\/\/celine-rodrigues-sophrologue.fr\/index.php?rest_route=\/wp\/v2\/pages\/2","targetHints":{"allow":["GET"]}}],"collection":[{"href":"https:\/\/celine-rodrigues-sophrologue.fr\/index.php?rest_route=\/wp\/v2\/pages"}],"about":[{"href":"https:\/\/celine-rodrigues-sophrologue.fr\/index.php?rest_route=\/wp\/v2\/types\/page"}],"author":[{"embeddable":true,"href":"https:\/\/celine-rodrigues-sophrologue.fr\/index.php?rest_route=\/wp\/v2\/users\/1"}],"replies":[{"embeddable":true,"href":"https:\/\/celine-rodrigues-sophrologue.fr\/index.php?rest_route=%2Fwp%2Fv2%2Fcomments&post=2"}],"version-history":[{"count":7,"href":"https:\/\/celine-rodrigues-sophrologue.fr\/index.php?rest_route=\/wp\/v2\/pages\/2\/revisions"}],"predecessor-version":[{"id":29184,"href":"https:\/\/celine-rodrigues-sophrologue.fr\/index.php?rest_route=\/wp\/v2\/pages\/2\/revisions\/29184"}],"wp:attachment":[{"href":"https:\/\/celine-rodrigues-sophrologue.fr\/index.php?rest_route=%2Fwp%2Fv2%2Fmedia&parent=2"}],"curies":[{"name":"wp","href":"https:\/\/api.w.org\/{rel}","templated":true}]}}