{"id":39,"date":"2017-02-16T09:16:01","date_gmt":"2017-02-16T08:16:01","guid":{"rendered":"http:\/\/mxajfmgl.preview.infomaniak.website\/?page_id=39"},"modified":"2024-05-29T09:51:11","modified_gmt":"2024-05-29T07:51:11","slug":"portfolio","status":"publish","type":"page","link":"https:\/\/celine-rodrigues-sophrologue.fr\/?page_id=39","title":{"rendered":"Qui suis-je ?"},"content":{"rendered":"\n<p>Je m&rsquo;appelle C\u00e9line Rodrigues et exerce en tant que sophrologue \u00e0 Saint-Michel (82), petit village du Tarn-et-Garonne, entre Montauban et Agen et \u00e0 1 heure de Toulouse.<\/p>\n\n\n\n<p>Je vous propose des s\u00e9ances de sophrologie dans mon cabinet d\u00e9di\u00e9. J&rsquo;ai \u00e9t\u00e9 form\u00e9e au sein du centre de formation FORMAQUIETUDE, o\u00f9 j&rsquo;ai acquis et valid\u00e9 les comp\u00e9tences n\u00e9cessaires pour accompagner mes clients vers un \u00e9panouissement personnel et un mieux-\u00eatre.<\/p>\n\n\n\n<p>\u00c0 travers des techniques douces de relaxation, de respiration consciente et de visualisations positives, je vous accompagne dans un voyage vers la d\u00e9couverte de vos ressources internes. Mon objectif est de vous aider \u00e0 d\u00e9velopper une meilleure connaissance de vous-m\u00eame, \u00e0 lib\u00e9rer vos tensions accumul\u00e9es et \u00e0 renforcer votre confiance en vous.<\/p>\n\n\n\n<p>Ensemble, nous explorerons vos besoins sp\u00e9cifiques et \u00e9laborerons des outils personnalis\u00e9s pour surmonter le stress, l&rsquo;anxi\u00e9t\u00e9, les troubles du sommeil ou toute autre difficult\u00e9 que vous rencontrez. Gr\u00e2ce \u00e0 des s\u00e9ances individuelles ou en groupe, vous apprendrez \u00e0 cultiver un \u00e9tat d&rsquo;\u00e9quilibre et de calme, m\u00eame dans les moments les plus turbulents de votre vie.<br>Je suis l\u00e0 pour vous accompagner sur ce chemin de transformation, en vous aidant \u00e0 retrouver votre plein potentiel et \u00e0 vivre pleinement chaque instant avec s\u00e9r\u00e9nit\u00e9 et vitalit\u00e9, et en vous apportant des outils concrets pour g\u00e9rer vos \u00e9motions et am\u00e9liorer votre qualit\u00e9 de vie au quotidien. Ceci dans un\u00a0<strong>cadre\u00a0d\u00e9ontologique<\/strong>\u00a0pr\u00e9cis,\u00a0<strong>s\u00e9curisant<\/strong>, de\u00a0<strong>confidentialit\u00e9<\/strong>\u00a0et de\u00a0<strong>bienveillance<\/strong>.<\/p>\n\n\n\n<p>Dot\u00e9e d&rsquo;une grande capacit\u00e9 d&#8217;empathie et d&rsquo;une \u00e9coute attentive envers mes clients, mon approche personnalis\u00e9e vous permettra de vous sentir compris et soutenu dans votre d\u00e9marche vers le bien-\u00eatre.<\/p>\n\n\n\n<p>Si vous recherchez un accompagnement professionnel et chaleureux pour am\u00e9liorer votre qualit\u00e9 de vie et votre bien-\u00eatre, je serais ravie de vous accompagner. N&rsquo;h\u00e9sitez pas \u00e0 me contacter pour prendre rendez-vous et entamer ensemble un parcours vers une meilleure harmonie int\u00e9rieure.<\/p>\n\n\n\n<p><a href=\"mailto:contact@celine-rodrigues-sophrologue.fr\" target=\"_blank\" rel=\"noopener\" title=\"\">contact@celine-rodrigues-sophrologue.fr<\/a><\/p>\n","protected":false},"excerpt":{"rendered":"<p>Je m&rsquo;appelle C\u00e9line Rodrigues et exerce en tant que sophrologue \u00e0 Saint-Michel (82), petit village du Tarn-et-Garonne, entre Montauban et Agen et \u00e0 1 heure de Toulouse. Je vous propose des s\u00e9ances de sophrologie dans mon cabinet d\u00e9di\u00e9. J&rsquo;ai \u00e9t\u00e9 form\u00e9e au sein du centre de formation FORMAQUIETUDE, o\u00f9 j&rsquo;ai acquis et valid\u00e9 les comp\u00e9tences [&hellip;]<\/p>\n","protected":false},"author":1,"featured_media":0,"parent":0,"menu_order":0,"comment_status":"closed","ping_status":"closed","template":"","meta":{"iawp_total_views":179,"footnotes":""},"class_list":["post-39","page","type-page","status-publish","hentry"],"aioseo_notices":[],"_links":{"self":[{"href":"https:\/\/celine-rodrigues-sophrologue.fr\/index.php?rest_route=\/wp\/v2\/pages\/39","targetHints":{"allow":["GET"]}}],"collection":[{"href":"https:\/\/celine-rodrigues-sophrologue.fr\/index.php?rest_route=\/wp\/v2\/pages"}],"about":[{"href":"https:\/\/celine-rodrigues-sophrologue.fr\/index.php?rest_route=\/wp\/v2\/types\/page"}],"author":[{"embeddable":true,"href":"https:\/\/celine-rodrigues-sophrologue.fr\/index.php?rest_route=\/wp\/v2\/users\/1"}],"replies":[{"embeddable":true,"href":"https:\/\/celine-rodrigues-sophrologue.fr\/index.php?rest_route=%2Fwp%2Fv2%2Fcomments&post=39"}],"version-history":[{"count":5,"href":"https:\/\/celine-rodrigues-sophrologue.fr\/index.php?rest_route=\/wp\/v2\/pages\/39\/revisions"}],"predecessor-version":[{"id":29176,"href":"https:\/\/celine-rodrigues-sophrologue.fr\/index.php?rest_route=\/wp\/v2\/pages\/39\/revisions\/29176"}],"wp:attachment":[{"href":"https:\/\/celine-rodrigues-sophrologue.fr\/index.php?rest_route=%2Fwp%2Fv2%2Fmedia&parent=39"}],"curies":[{"name":"wp","href":"https:\/\/api.w.org\/{rel}","templated":true}]}}